of 3813?
False
Is 7 a factor of 4705?
False
Is 30 a factor of 6030?
True
Is 4 a factor of 303?
False
Is 9 a factor of 1041?
False
Is 149 a factor of 58965?
False
Is 42 a factor of 6720?
True
Does 6 divide 3869?
False
Does 4 divide 204?
True
Is 98 a multiple of 4?
False
Is 15886 a multiple of 94?
True
Is 1805 a multiple of 124?
False
Is 42 a factor of 20227?
False
Does 30 divide 1890?
True
Is 35 a factor of 980?
True
Does 150 divide 6138?
False
Is 3068 a multiple of 5?
False
Does 7 divide 551?
False
Does 18 divide 3384?
True
Does 120 divide 25680?
True
Is 547 a multiple of 19?
False
Is 10 a factor of 2477?
False
Is 139 a factor of 16092?
False
Is 5010 a multiple of 158?
False
Does 77 divide 2079?
True
Does 32 divide 6496?
True
Is 16 a factor of 5355?
False
Does 78 divide 756?
False
Is 360 a multiple of 12?
True
Does 4 divide 196?
True
Is 16 a factor of 2576?
True
Is 11700 a multiple of 180?
True
Is 330 a multiple of 30?
True
Is 7 a factor of 634?
False
Does 8 divide 1984?
True
Is 9 a factor of 13473?
True
Does 5 divide 32?
False
Is 12 a factor of 24?
True
Is 13 a factor of 26?
True
Is 11268 a multiple of 12?
True
Is 4420 a multiple of 65?
True
Is 12 a factor of 2268?
True
Is 429 a multiple of 34?
False
Is 1131 a multiple of 87?
True
Is 29 a factor of 1975?
False
Is 3210 a multiple of 30?
True
Is 9 a factor of 27?
True
Is 58 a factor of 522?
True
Is 15 a factor of 372?
False
Is 5 a factor of 450?
True
Is 14 a factor of 89208?
True
Does 24 divide 1872?
True
Is 29 a multiple of 29?
True
Is 28689 a multiple of 131?
True
Does 3 divide 8259?
True
Is 1375 a multiple of 4?
False
Does 49 divide 1570?
False
Is 40 a multiple of 3?
False
Is 2117 a multiple of 12?
False
Is 401 a multiple of 2?
False
Is 2040 a multiple of 136?
True
Is 224 a factor of 32480?
True
Is 152 a factor of 852?
False
Is 19 a factor of 190?
True
Is 24 a factor of 38286?
False
Does 11 divide 253?
True
Does 21 divide 7940?
False
Is 10 a factor of 270?
True
Is 27 a factor of 1161?
True
Is 8853 a multiple of 227?
True
Does 248 divide 18376?
False
Does 26 divide 860?
False
Is 87 a factor of 12524?
False
Is 323 a multiple of 49?
False
Does 29 divide 783?
True
Does 46 divide 1417?
False
Is 2320 a multiple of 5?
True
Is 24 a factor of 570?
False
Does 2 divide 1053?
False
Is 1365 a multiple of 13?
True
Does 3 divide 10280?
False
Is 3068 a multiple of 25?
False
Does 10 divide 489?
False
Is 118003 a multiple of 197?
True
Does 174 divide 64206?
True
Is 213 a multiple of 19?
False
Is 3 a factor of 192?
True
Is 457 a multiple of 16?
False
Is 19 a factor of 20256?
False
Does 18 divide 9522?
True
Is 7 a factor of 203?
True
Does 14 divide 77?
False
Is 4512 a multiple of 128?
False
Is 26 a factor of 15625?
False
Does 81 divide 9920?
False
Is 411 a multiple of 72?
False
Is 70571 a multiple of 17?
False
Is 10399 a multiple of 7?
False
Is 49 a factor of 1568?
True
Does 36 divide 2149?
False
Is 30 a factor of 1643?
False
Is 2 a factor of 380?
True
Does 14 divide 378?
True
Is 18 a factor of 9394?
False
Is 10 a factor of 386?
False
Is 33 a factor of 495?
True
Is 230 a multiple of 10?
True
Does 9 divide 497?
False
Does 33 divide 6530?
False
Does 5 divide 278?
False
Is 15 a factor of 345?
True
Does 68 divide 5154?
False
Is 5967 a multiple of 17?
True
Does 100 divide 5214?
False
Is 244 a multiple of 65?
False
Is 7954 a multiple of 52?
False
Is 11 a factor of 4433?
True
Does 37 divide 8510?
True
Does 19 divide 11001?
True
Does 30 divide 16945?
False
Is 14484 a multiple of 12?
True
Is 42 a factor of 32082?
False
Is 16765 a multiple of 9?
False
Is 20 a factor of 3120?
True
Does 5 divide 340?
True
Is 17 a factor of 2712?
False
Is 18 a factor of 1729?
False
Is 16 a factor of 113?
False
Does 9 divide 4032?
True
Does 40 divide 43960?
True
Does 103 divide 11330?
True
Is 1846 a multiple of 97?
False
Does 119 divide 2618?
True
Does 26 divide 3822?
True
Is 1144 a multiple of 8?
True
Does 8 divide 15804?
False
Is 24 a factor of 11136?
True
Does 64 divide 4800?
True
Does 14 divide 127501?
False
Is 41 a factor of 17369?
False
Is 9318 a multiple of 11?
False
Is 241 a multiple of 17?
False
Is 29 a factor of 5974?
True
Is 1152 a multiple of 32?
True
Is 55 a factor of 3408?
False
Is 6 a factor of 438?
True
Is 69 a factor of 592?
False
Is 85461 a multiple of 17?
False
Does 21 divide 968?
False
Does 3 divide 744?
True
Is 7747 a multiple of 5?
False
Is 92 a factor of 644?
True
Is 38 a factor of 6726?
True
Is 2881 a multiple of 25?
False
Is 270 a factor of 159591?
False
Does 12 divide 38796?
True
Does 43 divide 1983?
False
Does 14 divide 364?
True
Does 35 divide 723?
False
Is 88 a factor of 4966?
False
Is 14 a factor of 4005?
False
Is 3960 a multiple of 33?
True
Does 171 divide 28899?
True
Is 275 a factor of 69211?
False
Is 41454 a multiple of 47?
True
Does 155 divide 17050?
True
Is 2332 a multiple of 44?
True
Does 16 divide 800?
True
Does 13 divide 8294?
True
Does 11 divide 1698?
False
Does 17 divide 5245?
False
Is 679 a multiple of 2?
False
Is 92 a factor of 13432?
True
Does 10 divide 6570?
True
Is 99 a factor of 2782?
False
Does 66 divide 1462?
False
Does 3 divide 6?
True
Is 14 a factor of 546?
True
Is 38 a factor of 238?
False
Does 27 divide 2268?
True
Is 25210 a multiple of 10?
True
Does 16 divide 1520?
True
Is 139 a factor of 24325?
True
Does 12 divide 1704?
True
Does 4 divide 416?
True
Does 85 divide 1955?
True
Is 275 a multiple of 11?
True
Does 5 divide 2562?
False
Is 163 a multiple of 14?
False
Is 13 a factor of 1131?
True
Does 5 divide 653?
False
Is 50 a factor of 26450?
True
Is 13 a factor of 7124?
True
Is 3141 a multiple of 32?
False
Is 50 a factor of 547?
False
Is 2321 even?
False
Is 46 a factor of 3680?
True
Is 5808 a multiple of 12?
True
Is 144579 a multiple of 32?
False
Is 11310 a multiple of 11?
False
Is 113 a factor of 226?
True
Is 23 a factor of 2162?
True
Is 12450 a multiple of 249?
True
Is 337 a multiple of 9?
False
Is 7 a factor of 828?
False
Is 42 a factor of 1554?
True
Is 4031 a multiple of 2?
False
Does 27 divide 86643?
True
Does 74 divide 8880?
True
Is 90 a factor of 90?
True
Does 13 divide 742?
False
Is 5 a factor of 330?
True
Does 70 divide 3850?
True
Does 33 divide 363?
True
Does 135 divide 6013?
False
Is 437 a multiple of 19?
True
Is 45 a multiple of 9?
True
Is 6381 a multiple of 9?
True
Is 7 a factor of 779?
False
Is 305 a multiple of 5?
True
Is 17 a factor of 15084?
False
Does 11 divide 5926?
False
Is 25 a factor of 9750?
True
Is 38682 a multiple of 126?
True
Is 95 a factor of 45030?
True
Is 3468 a multiple of 12?
True
Is 6 a factor of 763?
False
Does 25 divide 725?
True
Is 31047 a multiple of 90?
False
Does 81 divide 27459?
True
Does 17 divide 95404?
True
Is 79 a factor of 17380?
True
Does 189 divide 6121?
False
Does 12 divide 756?
True
Does 81 divide 2303?
False
Is 76 a factor of 53656?
True
Is 59 a factor of 440?
False
Does 21 divide 4200?
True
Is 10 a factor of 15880?
True
Is 96 a factor of 96?
True
Is 11849 a multiple of 41?
True
Does 36 divide 398?
False
Is 102 a factor of 19890?
True
Is 154 a factor of 45430?
True
Is 1940 a multiple of 107?
False
Does 12 divide 11761?
False
Does 5 divide 2031?
False
Does 97 divide 37151?
True
Does 134 divide 21574?
True
Is 18 a factor of 78858?
True
Is 55 a factor of 1688?
False
Is 20745 a multiple of 45?
True
Is 37 a factor of 8325?
True
Is 56 a multiple of 7?
True
Is 19 a factor of 1121?
True
Does 19 divide 131423?
True
Is 38649 a multiple of 19?
False
Is 38763 a multiple of 73?
True
Is 107 a factor of 5902?
False
Is 21318 a multiple of 34?
True
Is 46222 a multiple of 191?
True
Does 40 divide 960?
True
Is 650 a multiple of 98?
False
Does 21 divide 1869?
True
Is 26 a factor of 364?
True
Does 68 divide 1235?
False
Does 25 divide 275?
True
Is 16504 a multiple of 4?
True
Is 2163 a multiple of 66?
False
Does 113 divide 17741?
True
Is 69221 a multiple of 27?
False
Is 72293 a multiple of 13?
True
Is 66 a factor of 10125?
False
Does 13 divide 4938?
False
Is 26 a factor of 390?
True
Is 903 a multiple of 70?
False
Does 11 divide 5816?
False
Is 12 a factor of 50907?
False
Is 5954 a multiple of 31?
False
Is 13 a factor of 385?
False
Does 46 divide 15133?
False
Does 5 divide 201?
False
Is 49 a factor of 2210?
False
Is 10 a factor of 1051?
False
Does 20 divide 20?
Tru